. What is the greatest common divisor of a and 32?
16
Suppose -2*k = -108*a + 111*a - 341, -511 = -3*k - 5*a. Calculate the highest common factor of 3483 and k.
43
Let t be (-2 - -3)*6/(18/(-399)). Let x = 184 + t. What is the highest common factor of 119 and x?
17
Let g be (0 - 10/(-4))/((-61)/(-6954)). Calculate the highest common factor of g and 225.
15
Let g be 9/9 - (-19)/(57/2958). Calculate the highest common divisor of g and 273.
21
Let z(p) = p + 40 - 9*p - p**2 + 3*p**2 + 0*p. Let q be z(5). What is the greatest common divisor of q and 40?
10
Suppose 5*m = 4*f - 247, 12*m - 13*m - 199 = -3*f. Let r = -59 - -110. What is the greatest common divisor of f and r?
17
Suppose 8 = 3*t - 16. Suppose 0 = 4*v + 3*a - 58 + 522, -4*a = v + 103. Let n be (-17)/(v/28) + (8 - 0). What is the greatest common factor of n and t?
4
Suppose 73*t = -1681 + 6645. Suppose -3*p + 114 = -4*x, -4*x - 122 = -2*p - 6. Let w = -13 - x. Calculate the greatest common divisor of t and w.
17
Suppose 4*m + n - 3*n = 282, -287 = -4*m + 3*n. Let v = 193 + -88. Suppose -48 = -3*d + v. What is the greatest common divisor of m and d?
17
Suppose -6313*t + 6312*t + d = -16, -7*d = 4*t - 218. Let y be (-2)/(-3) - 3952/(-12). What is the greatest common divisor of t and y?
30
Let l be (-21)/3 + (-15 - -25). Suppose -5*u - 30 + 140 = -5*p, 4*u - 103 = p. Let n = 36 - u. What is the greatest common divisor of l and n?
3
Let q be (-9428)/(-62) - 354/5487. What is the greatest common factor of 19 and q?
19
Let r = 57 + -35. Suppose -9 - 11 = -2*f. Let d = r - f. Calculate the highest common factor of 30 and d.
6
Let k be (42/(-7) + 173)/1. Let s = k + 1. What is the highest common divisor of 56 and s?
56
Suppose -3*m - 3*n = -9, -2*n = 4*m + n - 7. Let u = m - -52. Suppose r - 7 - 3 = 0. Calculate the highest common factor of r and u.
10
Suppose -3*g = -5*f + 27, 3*f + 5*g + 29 = 18. Suppose -4*z = -z - 15. Let r be z/(-15) - (-19)/f. Calculate the greatest common factor of r and 18.
6
Let v = 34 + -33. Let k = -48 - -53. Suppose -s + k*s + 5 = 3*t, 10 = -2*s + 4*t. Calculate the highest common divisor of s and v.
1
Suppose 0 = 18*d - 17*d - 3. Let g(n) be the third derivative of 7*n**4/8 + n**3/3 - 26*n**2. Let r be g(d). What is the greatest common factor of 5 and r?
5
Let j be -12 - 28 - -37 - -122. Let f be (12/(-2))/(-1)*-2. Let b = 19 + f. What is the highest common divisor of b and j?
7
Let m be -2 + 3 + -1 + 48. Suppose 24*x = 3992 + 2224. Suppose -19*o + 197 + x = 0. What is the highest common factor of o and m?
24
Let i be 143 + -6 + 6 + -3. Suppose 300 = 11*x - i. What is the greatest common factor of 5 and x?
5
Let j = 3343 - 1741. Calculate the greatest common factor of j and 18.
18
Let z be ((-8)/(-6))/(5/450). Suppose 4*o = -o + 10, -5*o = -5*k + z. Suppose 0 = 2*p - 22 - k. What is the highest common divisor of p and 6?
6
Let p be 1 + (-5)/(30/(-474)) - (-7 + 2). Calculate the highest common divisor of p and 4.
1
Let l = 87 - 75. Suppose 0 = -u - 2*u - 186. Let z = u + 122. Calculate the highest common factor of z and l.
12
Suppose -221 = -5*a + b + 3*b, 4*a - 3*b - 176 = 0. Let x be (-32)/40 - ((-1)/(-3))/(230/(-255162)). What is the highest common divisor of a and x?
41
Let x = -5777 + 5798. Let r be (-98)/(-8) + 1/(-4). What is the highest common divisor of x and r?
3
Let d(j) be the second derivative of -5*j**3/3 - 5*j**2 + 3*j. Let a be d(-9). Let w = -731 + 763. What is the highest common divisor of w and a?
16
Let w = 15079 - 14893. What is the greatest common factor of 8835 and w?
93
Let m be 6*((-1)/(-12))/(1/446)*20. Calculate the highest common factor of m and 30.
10
Suppose 0 = 5*r + z - 21, -4*z = r + 3 - 11. Let g be -6 + r + (15 - -8). Calculate the greatest common divisor of 525 and g.
21
Suppose 288*x = 287*x + 28. Suppose -l + 48 = 5*t + 2*l, 3*t + l - x = 0. Calculate the greatest common divisor of 24 and t.
3
Suppose 0 = 5*d - 9 - 21, -1405 = -x - 4*d. Calculate the greatest common factor of 1 and x.
1
Suppose -6*a + a + 5588 = -18092. Calculate the greatest common factor of a and 518.
74
Let n = 12817 + -12791. Suppose 858 = 2*p + p. What is the greatest common divisor of n and p?
26
Suppose -2*j + 908 = -2*r, 7*r - 3*j = 9*r + 933. Let u be (r/(-15) - 7)*5/1. Calculate the highest common divisor of 2 and u.
2
Let i(u) = u**3 - 5*u**2 + 5*u - 8. Let j be i(5). Suppose 1232 = j*m - 6*m. Calculate the highest common divisor of 32 and m.
16
Suppose 152 = d + 17. Let l(a) = -61*a + 274. Let t be l(4). What is the highest common divisor of d and t?
15
Let n(i) = 108 - 278*i + 144*i + 143*i. Let y be n(-7). What is the greatest common divisor of 375 and y?
15
Let v be (-6)/(-2)*(0 + 2). Suppose -3*m = -c - 10, -c + 2 = 2*m - 8. Suppose -m*j + 350 = v*j. Calculate the greatest common divisor of j and 140.
35
Let j be (4/6)/((126/837)/7). Let b(v) = 24*v**2 + 3*v + 3. Let c be b(5). Let a = c - 339. What is the highest common divisor of j and a?
31
Let y(p) = -3*p**2 - 3. Let d be y(-4). Let u = d + 57. Suppose 3*f = -0*f + j + 42, 3*f + j - 48 = 0. Calculate the highest common factor of u and f.
3
Suppose 5*x - 15 - 50 = 0. Suppose l = -x + 6. Let a be (-6)/(-21) + (-1006)/l. What is the highest common factor of 18 and a?
18
Let l be (((-4)/(-6) - 0) + 0)*2553276/184. Calculate the highest common divisor of 22 and l.
11
Suppose 0 = 4*g + 5*t + 48, -2*g = -8*t + 3*t + 24. Let k = 39 + g. Suppose -41*b + 1944 = -33*b. What is the greatest common factor of b and k?
27
Suppose -4154 + 8153 = 3*o. What is the greatest common factor of o and 86?
43
Let p be (-26566)/(-111) - 2/(-3). What is the highest common divisor of 168 and p?
24
Suppose -83 = -3*m + 2*q, q = -4*q - 5. Calculate the greatest common factor of m and 3807.
27
Let n be ((-832)/56)/(((-10)/(-35))/(-2)). Suppose w - 3*h + 92 = 5*w, 2*h = -4*w + 96. What is the greatest common factor of n and w?
26
Let i = 96 - 107. Let a(q) = q**2 + 12*q + 39. Let m be a(i). What is the highest common factor of m and 63?
7
Let s = -9 - -26. Let n(h) = h + 17. Let t be n(-15). Suppose -3*p - 5*z = -107, 2*z + t + 64 = 2*p. Calculate the highest common divisor of s and p.
17
Suppose 9428 = 127*p - 3907. Calculate the greatest common divisor of 21 and p.
21
Let a be (-6 + 4)/(8/(-79 - 1)). Calculate the highest common factor of 8660 and a.
20
Let s(l) = -3*l**3 + 294*l**2 + 466*l - 91. Let m be s(99). Calculate the greatest common divisor of m and 65.
65
Let s = 99 - -205. What is the highest common divisor of 209 and s?
19
Let n be 5*(-4 + (-48)/(-5)). Let c be n/8 + 3/6. Let i be (-222)/(-27) - 14/63. Calculate the greatest common factor of c and i.
4
Let p(q) = 4*q**3 + 11*q**2 + 24*q + 1. Let m be p(-3). Let y(b) = 15*b. Let d be y(-6). Let a = m - d. Calculate the greatest common divisor of 10 and a.
10
Let u(g) = -680*g**2 - 7484*g + 4. Let p be u(-11). Suppose -f + 0*d + 5*d + 81 = 0, 5*f + 5*d = 495. What is the highest common factor of f and p?
48
Let q(u) be the first derivative of u**4/4 - 14*u**3/3 + 10*u**2 - 46*u + 22. Let s be q(13). Calculate the greatest common factor of s and 10.
5
Suppose 17*r - 508 - 2 = 0. Let i(x) = -3*x. Let b be i(-14). Calculate the highest common factor of r and b.
6
Let p(w) = w**3 - 7*w**2 + 7*w + 22. Let g be p(5). Suppose g*t - 71 - 174 = 0. What is the highest common factor of t and 20?
5
Let z(l) = l**3 - 7*l**2 - 23*l + 26. Let x be z(9). Let n(d) = -12*d - 141. Let g be n(x). What is the highest common divisor of 29 and g?
29
Let s = 3 - -45. Let d = -11 + s. Let h = -7 + d. What is the greatest common factor of h and 240?
30
Suppose 5*b = -53*g + 54*g + 149, 4*b = 3*g + 117. What is the highest common factor of b and 114?
6
Let b be 67 + ((-2304)/18)/8. What is the highest common divisor of b and 8007?
51
Suppose 2*d + 14342 = 4*n, 2*d + 10751 = 3*n + 6*d. What is the greatest common divisor of 15 and n?
15
Let q(k) = -699*k - 6954. Let g be q(-10). Suppose 0 = 2*c + 2*c + 360. Let u = c + 198. Calculate the greatest common divisor of g and u.
36
Let z(g) = 3*g**2 + 11*g - 52. Let x be z(3). Suppose 51*i = -x*i + 531. What is the highest common divisor of 522 and i?
9
Let b(l) = 168*l - 8. Suppose -33 + 29 = -4*t. Let j be b(t). What is the highest common